ppose -4459 = -2*r - 4423. Calculate the remainder when 81 is divided by r.
9
Let j be 4/18 - 96/(-54). Suppose 0 = -3*c, -o + 2*c = j*o - 30. Suppose 0 = -r - f + 4 + 3, -2*r + 3*f = 6. Calculate the remainder when o is divided by r.
1
Let b(z) = -3*z - 7. Let d be b(-4). Suppose 0 = d*h - 21 - 4. Suppose 0 = 3*j - 13 - 2. What is the remainder when j is divided by h?
0
Let m(t) = 14*t**3 - t**2 + 2*t - 1. What is the remainder when 123 is divided by m(1)?
11
Let u be (0 - -9)*4/(-12). What is the remainder when ((-12)/8)/((-249)/82 - u) is divided by 21?
20
What is the remainder when 153 is divided by (81 + -8 - 8) + (-4)/(-4)?
21
Let g = 2 - -20. Suppose -5*v = 15, -2*v = -3*p - v + 258. Calculate the remainder when p is divided by g.
19
Suppose 3*p + 39 = 3*z + z, 3 = p. Suppose -z*w + 178 = 46. Calculate the remainder when 194/10 - (-4)/(-10) is divided by w.
8
Let x(q) = q**2 + 8*q - 99. Calculate the remainder when 17 is divided by x(7).
5
Calculate the remainder when 74 is divided by (-37)/3*-1 + (-180)/135.
8
Suppose 5*x = x + 8. Let b(o) = 5*o - 6. Calculate the remainder when (9/2)/(3/6) is divided by b(x).
1
Let w = -15 + 66. Let v = 79 - w. What is the remainder when v is divided by 6?
4
Let h be ((-4)/(-10))/(4/20). What is the remainder when 15 is divided by (-1)/1 - (h + -12)?
6
Let x = 29 - 17. Calculate the remainder when (296/x + 3)/((-1)/(-3)) is divided by 14.
13
What is the remainder when 53 is divided by ((-9)/(-4)*-1)/((-76)/304)?
8
Calculate the remainder when 59 is divided by (6 - 0)*((-22)/(-33) + 3).
15
Suppose 0*y = -y - 2*x + 4, 4*y - 2*x + 4 = 0. Suppose -6*v + v + 445 = y. What is the remainder when v is divided by 13?
11
Let b be 1209/(-15) + 6/(-15). What is the remainder when ((-9)/(-6))/((-1)/(b - -1)) is divided by 41?
38
Let q = -80 - -82. Calculate the remainder when (q + (-32)/10)*350/(-15) is divided by 12.
4
Suppose -3 = m, -n = m - 55 - 325. Calculate the remainder when n is divided by 16.
15
Let q(t) = 40*t - 38. What is the remainder when 120 is divided by q(2)?
36
Let q(d) = d**3 + 9*d**2 + 7*d + 9. Calculate the remainder when q(-7) is divided by 0 - (51/(-3) + 2).
13
Let i = 2960 + -2405. What is the remainder when i is divided by 69?
3
Suppose -5*q - 251 = -2*t, -3*t = 4*q - 56 - 332. Calculate the remainder when t is divided by 35.
23
Suppose -73*i + 1488 = -11*i. Calculate the remainder when 135 is divided by i.
15
Let v = 37 - -22. Let n = -32 - -8. Let g = -4 - n. What is the remainder when v is divided by g?
19
Let d be 60/14 - (-4)/(-14). Suppose 2*y + 0*v = -3*v + 3, -d*v + 6 = 3*y. What is the remainder when (78/12)/(-13)*-22 is divided by y?
5
Let q = -121 + 70. Calculate the remainder when 80 is divided by 1/(-2)*(q + -10 + 5).
24
Let q(v) = -v**2 - 6*v - 7. Let f be q(-3). Suppose 0 = -f*m + 17 - 1. Calculate the remainder when 20 is divided by m.
4
Let h(k) = 9*k. Let n be h(-1). Let g = n + 20. Suppose -4*l = -2*t - 74, -l - t = t - g. What is the remainder when l is divided by 6?
5
Suppose -5*k = 5*x - 605, -51 - 187 = -2*x - 3*k. What is the remainder when x is divided by 6?
5
Suppose -4*g - 132 + 200 = 0. Calculate the remainder when 92 is divided by g.
7
Let p = -27 - -27. Suppose -9 = -2*n + 5*k, p = 3*n + 5*k - 1. Suppose -5*j = -20, -4*y - y + 157 = -n*j. Calculate the remainder when y is divided by 18.
15
Let m = -19 - -22. Let x be (-420)/(-40)*(-8)/(-3). Let o = x - 16. Calculate the remainder when o is divided by m.
0
Suppose -3*r - 131 = -2*b + 22, -2*b + 159 = 3*r. Suppose 0 = -5*c + c + 2*v + 58, -5*c - 3*v = -b. What is the remainder when c is divided by 6?
3
Suppose 12*j - 3708 = -0*j. Calculate the remainder when j is divided by 12.
9
What is the remainder when 676 is divided by -1 + 14/4 - (-945)/10?
94
Let z = 45 - 18. Suppose 2*p = -3*l + 30, -7*p + 3*p + 60 = 4*l. What is the remainder when z is divided by p?
12
Suppose 2*s - 145 = -6*l + 3*l, -s + 77 = -3*l. Let c = 17 - -5. Let p = c - 7. What is the remainder when s is divided by p?
14
What is the remainder when 10 is divided by 30/4*52/39?
0
Let w(d) = 9*d + 2*d**3 - 17*d - 10 - d**3 + 7*d**2. Calculate the remainder when w(-7) is divided by 524/22 + (-10)/(-55).
22
Suppose 40*c + 3 = 41*c, 260 = 5*h - 5*c. What is the remainder when h is divided by 22?
11
Suppose -d = 5*g - 2*g + 1361, 4*g + 2*d + 1816 = 0. Calculate the remainder when 4/((-48)/g) + 1/4 is divided by 20.
18
Suppose -3*b + 66 = 5*y, 2*b - 8*y = -6*y + 44. Calculate the remainder when 168 is divided by b.
14
Suppose 2*q - 4 = 12. Let h(s) = 2*s + 109. What is the remainder when h(-39) is divided by q?
7
Let j = 27 - 11. Let v(t) = -t**3 - 6*t**2 + 9*t + 16. Let o be v(-7). What is the remainder when (o/(-3))/((-6)/558) is divided by j?
14
Calculate the remainder when 27/3 + 128 + -50 is divided by 30.
27
Suppose -24*j + 5*j + 988 = 0. What is the remainder when 308 is divided by j?
48
Suppose s - 503 = 2*d - 5*d, -5*s = 3*d - 511. What is the remainder when d is divided by 43?
38
Let b(h) = -5*h**2 + 73*h + 41. What is the remainder when b(10) is divided by 11?
7
Let v(d) = -d + 10. Let a be v(7). Suppose -x + a*r = r - 41, -x + 45 = 2*r. What is the remainder when x is divided by 9?
7
Suppose 2*r = -2*r - 2*h + 282, -r = 2*h - 75. Let m = -49 + r. What is the remainder when 76 is divided by m?
16
Let d(m) = 0*m**2 + 7*m**2 - 44*m + 41*m. Let f be d(-3). What is the remainder when f + -1 + -1 - 0 is divided by 12?
10
Let v = -8 - 18. Let b = -24 - v. Suppose d + b*d = 66. What is the remainder when d is divided by 6?
4
Let b(n) = -4*n - 2. Let q be (1 + -2)*(8 - 1). Let f = 28 + -14. What is the remainder when b(q) is divided by f?
12
Let m(b) = -2 + b**2 + 0*b + b - 3*b. Suppose -4*i + 36 = -3*p, -p + 33 = 5*i - 31. Calculate the remainder when m(-4) is divided by i.
10
Let s = 35 + -38. Calculate the remainder when 5/((-42)/15 - s) is divided by (21/6)/(1/2).
4
What is the remainder when (-217)/(-21) - 9/((-27)/(-4)) is divided by 3?
0
Suppose 5*o - 5*j - 141 = o, -175 = -5*o + 5*j. Let s = o + -1. What is the remainder when s is divided by 9?
6
Suppose 330 = 18*t - 8*t. Let c(g) = 2*g. What is the remainder when t is divided by c(6)?
9
Suppose 210*a - 6 = 207*a. What is the remainder when 34 is divided by a?
0
Let m be 1*(-9)/6*4. What is the remainder when 41 is divided by (m/8)/((-13)/104)?
5
Let s(x) = 3*x**2 - 7*x - 3. Let o = 14 + -8. What is the remainder when s(o) is divided by (-8)/(3*(-4)/48)?
31
Suppose 280 = 33*y + 2*y. What is the remainder when 263 is divided by y?
7
Let o be (-1)/((-3)/12) - 4. Suppose -8*f + 4*f + 8 = o. Suppose n = -f*n + 27. What is the remainder when 17 is divided by n?
8
Let f be 1/(-2) - 75/(-30). What is the remainder when 10 is divided by f*(-4 + (11 - 3))?
2
Suppose k + 0*k + 4*y - 161 = 0, -3*k - y = -494. Calculate the remainder when 68 is divided by 2280/k + (-4)/(-22).
12
Let d = -6 + 14. Suppose -k - 1 + d = 0. What is the remainder when k/((-14)/(-54)) + 0 is divided by 10?
7
Let b(m) = 18 - m - m + m. Suppose -29 = -2*r - 5. What is the remainder when 16 is divided by b(r)?
4
Suppose -15*u = -10*u - 4*w - 58, 0 = -u + 5*w - 1. Calculate the remainder when 178 is divided by u.
10
Suppose 13 + 11 = 4*p. Let b(y) = y**2 - 14*y - 22. Let w be b(16). Calculate the remainder when ((-12)/w)/(((-14)/315)/1) is divided by p.
3
Suppose 0*x - 3*l - 3 = x, 5*l + 5 = -x. Suppose 2*j - 206 = -x*j. What is the remainder when j is divided by 21?
19
Let u = -254 - -460. What is the remainder when u is divided by 11?
8
Calculate the remainder when 94 is divided by ((-301)/(-21) - 1)*90/25.
46
Suppose 3*j - 15*h + 11*h = 356, 0 = -5*j + 3*h + 597. Calculate the remainder when j is divided by 48.
24
What is the remainder when (-226)/3*477/(-106) is divided by 59?
44
Let j = 239 + -190. What is the remainder when 339 is divided by j?
45
Suppose a = 2*w + 10, 5*a + 0*a - 2*w = 18. Suppose 4*h = n + a*n + 28, 4*h + 2*n = 28. Suppose t + h = 2*t. What is the remainder when 25 is divided by t?
4
Suppose 350 = b - 109. Calculate the remainder when b is divided by 37.
15
What is the remainder when (1 - (-9)/2)/(1/6) is divided by 14?
5
Suppose -5*c = 5*b - 120, 0 = 2*b - 0*c - 2*c - 40. What is the remainder when b